{"id":94,"date":"2013-12-23T10:41:31","date_gmt":"2013-12-23T09:41:31","guid":{"rendered":"http:\/\/kumla.naturskyddsforeningen.se\/?page_id=94"},"modified":"2018-11-09T11:42:53","modified_gmt":"2018-11-09T10:42:53","slug":"sabylund","status":"publish","type":"page","link":"https:\/\/kumla.naturskyddsforeningen.se\/?page_id=94","title":{"rendered":"S\u00e4bylund"},"content":{"rendered":"<p><strong>S\u00e4bylundsomr\u00e5det ca 60 ha blandskogsomr\u00e5de \u201dDjurskogen\u201d, 200-\u00e5rig engelsk park, alall\u00e9.<br \/>\n<\/strong><span style=\"font-family: Arial, Helvetica, sans-serif\"><em>Alall\u00e9n <\/em>leder fram till huvudbyggnaden Corps de logi. <em>Engelska parken<\/em> hyser ett stort antal gamla l\u00f6vtr\u00e4d ek, ask, l\u00f6nn, bok, klibbal, hassel, lind och v\u00e5rfloran v\u00e5rl\u00f6k, vit-, bl\u00e5- och gulsippa, gulplister, vildtulpan, pest- och vitskr\u00e5p samt h\u00e4ssleklocka och \u00e5landsrot under sommaren.m fl arter. <em>Djurskogen<\/em> har en rik blandskog med stort l\u00f6vinslag och flera orkid\u00e9 arter: tv\u00e5blad, gr\u00f6nvit nattviol och fl\u00e4ckigt nyckelblomster. Kalla finns i ett k\u00e4rr och gullpudra i ett annat. Dessutom \u00e4r geologin intressant med av inlandsisen efterl\u00e4mnade randmor\u00e4ner (\u00e5sryggar) samt f d Mosj\u00f6ns strandvall. Ett rikt djurliv med bl a fem arter hackspettar, tv\u00e5 ugglearter, h\u00e4ckande ormvr\u00e5k, flertalet s\u00e5ngare samt \u00e4lg, r\u00e5djur, r\u00e4v, hare, gr\u00e4vling, m\u00e5rd, vessla. P\u00e5 den intilliggande f d Mosj\u00f6n rastar ofta v\u00e5rf\u00e5glar s\u00f6derifr\u00e5n. I omr\u00e5det ligger \u00e4ven <strong>Eken\u00e4s<\/strong>, som \u00e4r SNF-kretsens hyrda stuga.<br \/>\n<strong>L\u00e4ge<\/strong>: Ca 6 km norr om Kumla.<br \/>\n<strong>V\u00e4gbeskrivning<\/strong>: \u00c5k gamla E:3an norrut, efter ca 5 km sv\u00e4ng av enskild v\u00e4g \u00f6sterut, sv\u00e4ng sen g\u00e4rdsv\u00e4g v\u00e4nster framf\u00f6r herrg\u00e5rden, \u00e5k ytterligare ca 600m.<i><\/i><\/span><\/p>\n","protected":false},"excerpt":{"rendered":"<p>S\u00e4bylundsomr\u00e5det ca 60 ha blandskogsomr\u00e5de \u201dDjurskogen\u201d, 200-\u00e5rig engelsk park, alall\u00e9. Alall\u00e9n leder fram till huvudbyggnaden Corps de logi. Engelska parken hyser ett stort antal gamla l\u00f6vtr\u00e4d ek, ask, l\u00f6nn, bok, klibbal, hassel, lind och v\u00e5rfloran v\u00e5rl\u00f6k, vit-, bl\u00e5- och gulsippa, gulplister, vildtulpan, pest- och vitskr\u00e5p samt h\u00e4ssleklocka och \u00e5landsrot under sommaren.m fl arter. Djurskogen har [&hellip;]<\/p>\n","protected":false},"author":173,"featured_media":0,"parent":29,"menu_order":0,"comment_status":"open","ping_status":"open","template":"","meta":{"_acf_changed":false,"footnotes":""},"acf":[],"jetpack_sharing_enabled":true,"featured_image_src":null,"featured_image_src_square":null,"_links":{"self":[{"href":"https:\/\/kumla.naturskyddsforeningen.se\/index.php?rest_route=\/wp\/v2\/pages\/94"}],"collection":[{"href":"https:\/\/kumla.naturskyddsforeningen.se\/index.php?rest_route=\/wp\/v2\/pages"}],"about":[{"href":"https:\/\/kumla.naturskyddsforeningen.se\/index.php?rest_route=\/wp\/v2\/types\/page"}],"author":[{"embeddable":true,"href":"https:\/\/kumla.naturskyddsforeningen.se\/index.php?rest_route=\/wp\/v2\/users\/173"}],"replies":[{"embeddable":true,"href":"https:\/\/kumla.naturskyddsforeningen.se\/index.php?rest_route=%2Fwp%2Fv2%2Fcomments&post=94"}],"version-history":[{"count":2,"href":"https:\/\/kumla.naturskyddsforeningen.se\/index.php?rest_route=\/wp\/v2\/pages\/94\/revisions"}],"predecessor-version":[{"id":267,"href":"https:\/\/kumla.naturskyddsforeningen.se\/index.php?rest_route=\/wp\/v2\/pages\/94\/revisions\/267"}],"up":[{"embeddable":true,"href":"https:\/\/kumla.naturskyddsforeningen.se\/index.php?rest_route=\/wp\/v2\/pages\/29"}],"wp:attachment":[{"href":"https:\/\/kumla.naturskyddsforeningen.se\/index.php?rest_route=%2Fwp%2Fv2%2Fmedia&parent=94"}],"curies":[{"name":"wp","href":"https:\/\/api.w.org\/{rel}","templated":true}]}}