{"id":67,"date":"2013-11-27T14:54:45","date_gmt":"2013-11-27T13:54:45","guid":{"rendered":"http:\/\/kumla.naturskyddsforeningen.se\/?page_id=67"},"modified":"2013-12-23T15:12:15","modified_gmt":"2013-12-23T14:12:15","slug":"kumla-hogar","status":"publish","type":"page","link":"https:\/\/kumla.naturskyddsforeningen.se\/?page_id=67","title":{"rendered":"Kumla h\u00f6gar"},"content":{"rendered":"<p><strong>Kumla h\u00f6gar, naturpark ca 0,5 ha<\/strong><span style=\"font-family: Arial, Helvetica, sans-serif\">, ligger i s\u00f6dra delen av Kumla t\u00e4tort, p\u00e5 en \u00e5skulle av rullstens\u00e5sen. Gravf\u00e4lt fr\u00e5n j\u00e4rn\u00e5ldern, Kumlasmycket har hittats vid utgr\u00e4vningar och rekonstruerats. Den fridlysta backsippan (st\u00f6rsta best\u00e5ndet i Kumla) v\u00e4xer p\u00e5 h\u00f6gen liksom m\u00e5nga andra torr\u00e4ngsarter s\u00e5som gullkl\u00f6ver, kattfot, backnejlika och backanis.<br \/>\n<strong>V\u00e4gbeskrivning<\/strong>: ca 300 m s\u00f6der om Kumla kyrka efter Kungsv\u00e4gens v\u00e4stra sida.<\/span><\/p>\n","protected":false},"excerpt":{"rendered":"<p>Kumla h\u00f6gar, naturpark ca 0,5 ha, ligger i s\u00f6dra delen av Kumla t\u00e4tort, p\u00e5 en \u00e5skulle av rullstens\u00e5sen. Gravf\u00e4lt fr\u00e5n j\u00e4rn\u00e5ldern, Kumlasmycket har hittats vid utgr\u00e4vningar och rekonstruerats. Den fridlysta backsippan (st\u00f6rsta best\u00e5ndet i Kumla) v\u00e4xer p\u00e5 h\u00f6gen liksom m\u00e5nga andra torr\u00e4ngsarter s\u00e5som gullkl\u00f6ver, kattfot, backnejlika och backanis. V\u00e4gbeskrivning: ca 300 m s\u00f6der om Kumla [&hellip;]<\/p>\n","protected":false},"author":173,"featured_media":0,"parent":29,"menu_order":0,"comment_status":"open","ping_status":"open","template":"","meta":{"_acf_changed":false,"footnotes":""},"acf":[],"jetpack_sharing_enabled":true,"featured_image_src":null,"featured_image_src_square":null,"_links":{"self":[{"href":"https:\/\/kumla.naturskyddsforeningen.se\/index.php?rest_route=\/wp\/v2\/pages\/67"}],"collection":[{"href":"https:\/\/kumla.naturskyddsforeningen.se\/index.php?rest_route=\/wp\/v2\/pages"}],"about":[{"href":"https:\/\/kumla.naturskyddsforeningen.se\/index.php?rest_route=\/wp\/v2\/types\/page"}],"author":[{"embeddable":true,"href":"https:\/\/kumla.naturskyddsforeningen.se\/index.php?rest_route=\/wp\/v2\/users\/173"}],"replies":[{"embeddable":true,"href":"https:\/\/kumla.naturskyddsforeningen.se\/index.php?rest_route=%2Fwp%2Fv2%2Fcomments&post=67"}],"version-history":[{"count":1,"href":"https:\/\/kumla.naturskyddsforeningen.se\/index.php?rest_route=\/wp\/v2\/pages\/67\/revisions"}],"predecessor-version":[{"id":68,"href":"https:\/\/kumla.naturskyddsforeningen.se\/index.php?rest_route=\/wp\/v2\/pages\/67\/revisions\/68"}],"up":[{"embeddable":true,"href":"https:\/\/kumla.naturskyddsforeningen.se\/index.php?rest_route=\/wp\/v2\/pages\/29"}],"wp:attachment":[{"href":"https:\/\/kumla.naturskyddsforeningen.se\/index.php?rest_route=%2Fwp%2Fv2%2Fmedia&parent=67"}],"curies":[{"name":"wp","href":"https:\/\/api.w.org\/{rel}","templated":true}]}}