{"id":45,"date":"2013-11-26T15:43:52","date_gmt":"2013-11-26T14:43:52","guid":{"rendered":"http:\/\/kumla.naturskyddsforeningen.se\/?page_id=45"},"modified":"2018-11-09T11:13:47","modified_gmt":"2018-11-09T10:13:47","slug":"hult","status":"publish","type":"page","link":"https:\/\/kumla.naturskyddsforeningen.se\/?page_id=45","title":{"rendered":"Hult"},"content":{"rendered":"<p><strong>Fd skogvaktarbost\u00e4llet Hult ca 6 ha.<\/strong><\/p>\n<p>D\u00e4r en artrik l\u00f6vskog dominerar med stora inslag av hassel, gamla almar och askar i f\u00f6rkastningsbranten. Gullviva, sm\u00f6rbollar, gr\u00f6nvit nattviol, tv\u00e5blad, nunne\u00f6rt, bl\u00e5sippa och stort antal svamparter finns i omr\u00e5det bl a. Stenkn\u00e4ck, n\u00f6tkr\u00e5ka, mindre hackspett, kattuggla \u00e4r intressanta f\u00e5gelarter. M\u00e5nga arter av ormbunkar finns nere i k\u00e4rret intill j\u00e4rnv\u00e4gen samt v\u00e4tteros i sluttningen bakom uthusen.<\/p>\n<p>\u00c4r sedan 2006<span style=\"font-family: Arial, Helvetica, sans-serif\"> naturreservat. <\/span><\/p>\n<p><span style=\"font-family: Arial, Helvetica, sans-serif\"><strong>L\u00e4ge:<\/strong> Ca 1 km s\u00f6der om Tomta v\u00e4gsk\u00e4l i Hallsberg. <\/span><\/p>\n<p><span style=\"font-family: Arial, Helvetica, sans-serif\"><strong>V\u00e4gbeskrivning:<\/strong> \u00c5k v\u00e4gen Hallsberg \u2013 \u00d6stansj\u00f6. S:t Olofs kapell ligger i nord\u00f6stra delen av omr\u00e5det och alldeles intill j\u00e4rnv\u00e4gssp\u00e5ret fr\u00e5n Motala. Omr\u00e5det ligger efter v\u00e4gens v\u00e4stra sida.<\/span><\/p>\n","protected":false},"excerpt":{"rendered":"<p>Fd skogvaktarbost\u00e4llet Hult ca 6 ha. D\u00e4r en artrik l\u00f6vskog dominerar med stora inslag av hassel, gamla almar och askar i f\u00f6rkastningsbranten. Gullviva, sm\u00f6rbollar, gr\u00f6nvit nattviol, tv\u00e5blad, nunne\u00f6rt, bl\u00e5sippa och stort antal svamparter finns i omr\u00e5det bl a. Stenkn\u00e4ck, n\u00f6tkr\u00e5ka, mindre hackspett, kattuggla \u00e4r intressanta f\u00e5gelarter. M\u00e5nga arter av ormbunkar finns nere i k\u00e4rret intill [&hellip;]<\/p>\n","protected":false},"author":173,"featured_media":0,"parent":29,"menu_order":0,"comment_status":"open","ping_status":"open","template":"","meta":{"_acf_changed":false,"footnotes":""},"acf":[],"jetpack_sharing_enabled":true,"featured_image_src":null,"featured_image_src_square":null,"_links":{"self":[{"href":"https:\/\/kumla.naturskyddsforeningen.se\/index.php?rest_route=\/wp\/v2\/pages\/45"}],"collection":[{"href":"https:\/\/kumla.naturskyddsforeningen.se\/index.php?rest_route=\/wp\/v2\/pages"}],"about":[{"href":"https:\/\/kumla.naturskyddsforeningen.se\/index.php?rest_route=\/wp\/v2\/types\/page"}],"author":[{"embeddable":true,"href":"https:\/\/kumla.naturskyddsforeningen.se\/index.php?rest_route=\/wp\/v2\/users\/173"}],"replies":[{"embeddable":true,"href":"https:\/\/kumla.naturskyddsforeningen.se\/index.php?rest_route=%2Fwp%2Fv2%2Fcomments&post=45"}],"version-history":[{"count":3,"href":"https:\/\/kumla.naturskyddsforeningen.se\/index.php?rest_route=\/wp\/v2\/pages\/45\/revisions"}],"predecessor-version":[{"id":254,"href":"https:\/\/kumla.naturskyddsforeningen.se\/index.php?rest_route=\/wp\/v2\/pages\/45\/revisions\/254"}],"up":[{"embeddable":true,"href":"https:\/\/kumla.naturskyddsforeningen.se\/index.php?rest_route=\/wp\/v2\/pages\/29"}],"wp:attachment":[{"href":"https:\/\/kumla.naturskyddsforeningen.se\/index.php?rest_route=%2Fwp%2Fv2%2Fmedia&parent=45"}],"curies":[{"name":"wp","href":"https:\/\/api.w.org\/{rel}","templated":true}]}}