{"id":15,"date":"2013-11-26T13:24:36","date_gmt":"2013-11-26T12:24:36","guid":{"rendered":"http:\/\/kumla.naturskyddsforeningen.se\/?page_id=15"},"modified":"2026-05-04T17:29:32","modified_gmt":"2026-05-04T15:29:32","slug":"program","status":"publish","type":"page","link":"https:\/\/kumla.naturskyddsforeningen.se\/?page_id=15","title":{"rendered":"Program"},"content":{"rendered":"<h2>Program f\u00f6r\u00a0 v\u00e5ren sommaren\u00a0 2026<\/h2>\n<p>H\u00e4r kan du h\u00e4mta hela programmet som en PDF \u00a0<a href=\"https:\/\/kumla.naturskyddsforeningen.se\/wp-content\/uploads\/sites\/161\/2026\/03\/Program-2026.pdf\" target=\"_blank\" rel=\"noopener\">Program_2026<\/a><\/p>\n<p><em>\u00a0 \u00a0 \u00a0 \u00a0 \u00a0 \u00a0 \u00a0 \u00a0 \u00a0 \u00a0 \u00a0 \u00a0 \u00a0 \u00a0 \u00a0 \u00a0 \u00a0 \u00a0 \u00a0 \u00a0 \u00a0 \u00a0 \u00a0 \u00a0 \u00a0 \u00a0 \u00a0 \u00a0 \u00a0 \u00a0 \u00a0 \u00a0 \u00a0 \u00a0 \u00a0 \u00a0 \u00a0 \u00a0 \u00a0 \u00a0 \u00a0 \u00a0 \u00a0 \u00a0 \u00a0 \u00a0 \u00a0 \u00a0 \u00a0 \u00a0 \u00a0 \u00a0 \u00a0 \u00a0 \u00a0 \u00a0 \u00a0 \u00a0 \u00a0 \u00a0 \u00a0 \u00a0 \u00a0 \u00a0 \u00a0 \u00a0 \u00a0 \u00a0 \u00a0 \u00a0 \u00a0 \u00a0 \u00a0 \u00a0 \u00a0 \u00a0<\/em><\/p>\n<p><strong>Ons 15 april <\/strong><\/p>\n<p><strong>V\u00e5rst\u00e4dning i Eken\u00e4s<\/strong><br \/>\nSamling i Eken\u00e4s kl. 10.00<\/p>\n<p>&nbsp;<\/p>\n<p><strong>L\u00f6r 18 april <\/strong><\/p>\n<p><strong>R\u00f6jning i S\u00e4bylundsparken<\/strong><br \/>\nTa med fika. Rej\u00e4la arbetskl\u00e4der. Samling kl. 10.00<\/p>\n<p>&nbsp;<\/p>\n<p><strong>Ons 22 april <\/strong><\/p>\n<p><strong>Seniorhajk, en grupp f\u00f6r daglediga<\/strong><br \/>\nSamling vid S\u00f6r\u00f6n, kl. 10.00.<br \/>\nAnm\u00e4lan: Britt Ekl\u00f6f 070-36 77 85<\/p>\n<p>&nbsp;<\/p>\n<p><strong>S\u00f6n 26 april <\/strong><\/p>\n<p><strong>Utflykt till Kvismaren<\/strong><br \/>\nSamling vid Kumla F\u00f6rsamlingshem kl. 10.00<\/p>\n<p>Samling vid Kumla F\u00f6rsamlingshem kl. 10.00<\/p>\n<p>&nbsp;<\/p>\n<p><strong>L\u00f6r 2 maj <\/strong><\/p>\n<p><strong>Utflykt till Mariedamm .<\/strong><br \/>\nVandring i vacker natur.I samarbete med Halsbergsf\u00f6reningen<br \/>\nAvf\u00e4rd fr\u00e5n COOP kl. 10.00<\/p>\n<p>&nbsp;<\/p>\n<p><strong>Ons 6 maj <\/strong><\/p>\n<p><strong>Seniorhajk<\/strong><br \/>\nBoglunds\u00e4ngen, \u00d6rebro<br \/>\n. Samling vid parkeringen kl. 10.00.<br \/>\nAnm\u00e4lan: Britt Ekl\u00f6f 070-36 77 85<\/p>\n<p>&nbsp;<\/p>\n<p><strong>Fre 8 maj <\/strong><\/p>\n<p><strong>Utflykt till bl.a. ReTuna Recycling \u00c5terbruksgalleria, Eskilstuna.<\/strong><br \/>\nF\u00f6r mer information se hemsidan<br \/>\nSamling vid F\u00f6rsamlingshemmet <strong>kl. 8.00. OBS\u00a0<\/strong>\u00e4ndrad tid.<\/p>\n<p>&nbsp;<\/p>\n<p><strong>L\u00f6r 9 maj <\/strong><\/p>\n<p><strong>V\u00e5rvandring vid Eken\u00e4s.<\/strong><br \/>\nVandring genom S\u00e4bylundsparken med utg\u00e5ngspunkt fr\u00e5n Kumlaf\u00f6reningens stuga<br \/>\ni Eken\u00e4s kl.07.00.<br \/>\nAnsvarig: Yvonne Persson 073- 693 43 62<\/p>\n<p>&nbsp;<\/p>\n<p><strong>Ons 20 maj <\/strong><\/p>\n<p><strong>Seniorhajk<\/strong><br \/>\nHerrfalls\u00e4ng. I b\u00e4sta fall f\u00e5r vi se Kungs\u00e4ngsliljorna blomma.<br \/>\nSamling vid parkeringen kl. 10.00<br \/>\nAnm\u00e4lan: Britt Ekl\u00f6f 070- 36 77 850<\/p>\n<p>&nbsp;<\/p>\n<p><strong>L\u00f6r 23 maj <\/strong><\/p>\n<p><strong>Biologiska m\u00e5ngfaldens dag vid H\u00e4llekistans NR i H\u00e4llabrottet<\/strong><br \/>\nL\u00e4r dig v\u00e5rens vanligaste v\u00e4xter eller vandra bara runt i det vackra reservatet och njut<br \/>\nav f\u00f6rsommargr\u00f6nskan.<br \/>\nSamling vid F\u00f6rsamlingshemmet kl. 10.00. Kl\u00e4der efter v\u00e4der och medhavd mats\u00e4ck.<\/p>\n<p>&nbsp;<\/p>\n<p><strong>Ons 27 maj <\/strong><\/p>\n<p><strong>Onsdagstr\u00e4ff i Eken\u00e4s<\/strong><br \/>\nVi tr\u00e4ffas vid f\u00f6reningens stuga Eken\u00e4s f\u00f6r en stund tillsammans. Vi kokar kaffe, \u00e4ter<br \/>\nv\u00e5r mats\u00e4ck och har m\u00f6jlighet att grilla.<br \/>\nV\u00e4lkommen mellan 14.00 till 19.00.<\/p>\n<p>&nbsp;<\/p>\n<p><strong>Ons 3 juni <\/strong><\/p>\n<p><strong>Seniorhajk<\/strong><br \/>\n\u00c4lvhytte\u00e4ng, en gammal sl\u00e5tter\u00e4ng med rik, kalkp\u00e5verkad flora.<br \/>\nSamling vid parkeringen kl.10.00.<br \/>\nAnm\u00e4lan: Britt Ekl\u00f6f, 070 \u2013 36 77 850<\/p>\n<p>&nbsp;<\/p>\n<p><strong>Fre 5 juni <\/strong><\/p>\n<p><strong>Naturnatta firas vid badviken vid Sottern<\/strong><br \/>\nVi firar naturnatten (kv\u00e4llen).<br \/>\nTag g\u00e4rna med n\u00e5got att sitta p\u00e5. Vi har m\u00f6jlighet att grilla.<br \/>\nAvresa fr\u00e5n Kumla f\u00f6rsamlingshem kl. 17.30<\/p>\n<p>&nbsp;<\/p>\n<p><strong>Ons 17 juni <\/strong><\/p>\n<p><strong>Midsommarpicnic vid Eken\u00e4s<\/strong><br \/>\nVi samlas vid Eken\u00e4s kl. 10.00 och firar midsommar i f\u00f6rv\u00e4g med medhavd picknick i<br \/>\ngr\u00f6ngr\u00e4set.<br \/>\nAnsvariga: Britt, Yvonne och Kristina 070-848 98 44<\/p>\n<p>&nbsp;<\/p>\n<p><strong>Ons 1 juli <\/strong><\/p>\n<p><strong>Onsdagstr\u00e4ff vid Eken\u00e4s<\/strong><br \/>\nVi tr\u00e4ffas vid f\u00f6reningens stuga Eken\u00e4s f\u00f6r en stund tillsammans. Vi kokar kaffe, \u00e4ter<br \/>\nv\u00e5r mats\u00e4ck och vi har m\u00f6jlighet att grilla.<br \/>\nV\u00e4lkommen mellan kl. 14.00 \u2013 19.00<\/p>\n<p>&nbsp;<\/p>\n<p><strong>L\u00f6r 25 juli <\/strong><\/p>\n<p><strong>Sl\u00e5tter vid Eken\u00e4s<\/strong><br \/>\nVi hj\u00e4lps \u00e5t att sl\u00e5 vid Kumlaf\u00f6reningens stuga Eken\u00e4s vid S\u00e4bylund. Efter sl\u00e5ttern, som<br \/>\nb\u00f6r vara klar ca kl. 12, bjuder f\u00f6reningen deltagarna p\u00e5 sillunch.<br \/>\nSamling vid Eken\u00e4s kl. 10.00<br \/>\nAnsvarig: Kent Wahlstedt, 070-292 10 76<\/p>\n<p>&nbsp;<\/p>\n<p><strong>L\u00f6r 5 aug <\/strong><\/p>\n<p><strong>Seniorhajk<\/strong><br \/>\nJ\u00e4rle\u00e5ns naturreservat. \u00c5n har till stor del kvar sitt naturliga lopp med en av l\u00e4nets<br \/>\nm\u00e4ktigaste forsstr\u00e4ckor- L\u00e5ngforsen.<br \/>\nSamling vid parkeringen kl. 10.00<br \/>\nAnm\u00e4lan till Britt Ekl\u00f6f, 070 \u2013 36 77 850<\/p>\n<p>&nbsp;<\/p>\n<p><strong>Ons 12 aug <\/strong><\/p>\n<p><strong>Onsdagstr\u00e4ff vid Eken\u00e4s<\/strong><br \/>\nVi tr\u00e4ffas vid f\u00f6reningens stuga Eken\u00e4s f\u00f6r en stund tillsammans. Vi kokar kaffe, \u00e4ter<br \/>\nv\u00e5r mats\u00e4ck och vi har m\u00f6jlighet att grilla.<br \/>\nV\u00e4lkommen mellan 15.00 \u2013 19.00<\/p>\n<p>&nbsp;<\/p>\n<p><strong>Ons 19 aug <\/strong><\/p>\n<p><strong>Seniorhajk<\/strong><br \/>\nDj\u00e4rvstugan, Fuxboudden kl.10.00<br \/>\nFuxboudden best\u00e5r till stor del av gammal barrskog, med framf\u00f6r allt gammal tall med<br \/>\nuppskattade \u00e5ldrar p\u00e5 omkring 150 \u2013 200 \u00e4r. Omr\u00e5det \u00e4r ett uppskattat friluftsomr\u00e5de.<br \/>\nSamling vid parkeringen.<br \/>\nAnm\u00e4lan: Britt Ekl\u00f6f, 070-36 77 850<\/p>\n<p>&nbsp;<\/p>\n<p><strong>L\u00f6r 29 aug <\/strong><\/p>\n<p><strong>Natursnokar vid Eken\u00e4s<\/strong><br \/>\nNaturskyddsf\u00f6reningens barn och familjeverksamhet. G\u00f6r en utflykt till Eken\u00e4s med<br \/>\ndin unge, mats\u00e4ck och nyfikenhet, vi v\u00e4nder p\u00e5 en sten, kramar ett tr\u00e4d, smular ett<br \/>\nblad mellan fingrarna, lyssnar p\u00e5 l\u00f6vens prassel och f\u00f6rundras. Vi natursnokar<br \/>\ntillsammans.<br \/>\nSamling vid Eken\u00e4s kl.14- 16.<\/p>\n","protected":false},"excerpt":{"rendered":"<p>Program f\u00f6r\u00a0 v\u00e5ren sommaren\u00a0 2026 H\u00e4r kan du h\u00e4mta hela programmet som en PDF \u00a0Program_2026 \u00a0 \u00a0 \u00a0 \u00a0 \u00a0 \u00a0 \u00a0 \u00a0 \u00a0 \u00a0 \u00a0 \u00a0 \u00a0 \u00a0 \u00a0 \u00a0 \u00a0 \u00a0 \u00a0 \u00a0 \u00a0 \u00a0 \u00a0 \u00a0 \u00a0 \u00a0 \u00a0 \u00a0 \u00a0 \u00a0 \u00a0 \u00a0 \u00a0 \u00a0 \u00a0 \u00a0 \u00a0 \u00a0 \u00a0 \u00a0 [&hellip;]<\/p>\n","protected":false},"author":173,"featured_media":0,"parent":0,"menu_order":0,"comment_status":"open","ping_status":"open","template":"","meta":{"_acf_changed":false,"footnotes":""},"acf":[],"jetpack_sharing_enabled":true,"featured_image_src":null,"featured_image_src_square":null,"_links":{"self":[{"href":"https:\/\/kumla.naturskyddsforeningen.se\/index.php?rest_route=\/wp\/v2\/pages\/15"}],"collection":[{"href":"https:\/\/kumla.naturskyddsforeningen.se\/index.php?rest_route=\/wp\/v2\/pages"}],"about":[{"href":"https:\/\/kumla.naturskyddsforeningen.se\/index.php?rest_route=\/wp\/v2\/types\/page"}],"author":[{"embeddable":true,"href":"https:\/\/kumla.naturskyddsforeningen.se\/index.php?rest_route=\/wp\/v2\/users\/173"}],"replies":[{"embeddable":true,"href":"https:\/\/kumla.naturskyddsforeningen.se\/index.php?rest_route=%2Fwp%2Fv2%2Fcomments&post=15"}],"version-history":[{"count":111,"href":"https:\/\/kumla.naturskyddsforeningen.se\/index.php?rest_route=\/wp\/v2\/pages\/15\/revisions"}],"predecessor-version":[{"id":651,"href":"https:\/\/kumla.naturskyddsforeningen.se\/index.php?rest_route=\/wp\/v2\/pages\/15\/revisions\/651"}],"wp:attachment":[{"href":"https:\/\/kumla.naturskyddsforeningen.se\/index.php?rest_route=%2Fwp%2Fv2%2Fmedia&parent=15"}],"curies":[{"name":"wp","href":"https:\/\/api.w.org\/{rel}","templated":true}]}}